base 16) in base 8?
1153251
Convert -10450324 (base 7) to base 5.
-212343231
c3577b (base 13) to base 2
10001010111101011111101
-119764 (base 15) to base 16
-cd93c
What is -10011001010110100111 (base 2) in base 11?
-399a22
12142132 (base 6) to base 13
10701b
What is 431642 (base 9) in base 11?
166207
What is 101220012202 (base 3) in base 9?
356182
-10011110101111001100 (base 2) to base 14
-12cd40
1006a57 (base 11) to base 6
102100311
116a9a6 (base 12) to base 3
20100121122200
Convert -120102 (base 3) to base 5.
-3131
Convert -e8a0 (base 16) to base 10.
-59552
What is -17617 (base 11) in base 6?
-310210
210a90 (base 11) to base 2
1010010100010000100
-1351364 (base 12) to base 15
-50c481
122222200010 (base 3) to base 11
222008
What is -2012020001 (base 3) in base 8?
-124246
Convert -c6ca (base 13) to base 16.
-6b98
Convert -356243 (base 7) to base 8.
-176145
What is 31250 (base 13) in base 10?
88283
What is 201212011102 (base 3) in base 10?
390863
Convert -22310031023 (base 4) to base 8.
-12641513
3274df (base 16) to base 4
30213103133
Convert -bb846 (base 12) to base 15.
-4d890
Convert -213084 (base 10) to base 6.
-4322300
-111320311000 (base 4) to base 6
-322551504
-1352040 (base 7) to base 12
-88759
Convert -302c1 (base 14) to base 16.
-1c461
What is -1540802 (base 10) in base 14?
-2c1734
What is 366254 (base 7) in base 13?
24677
1215084 (base 10) to base 3
2021201210010
36 (base 10) to base 11
33
What is 755515 (base 8) in base 4?
331231031
Convert -254626 (base 8) to base 11.
-60518
What is -2615107 (base 12) in base 5?
-3404310422
What is 43114112 (base 5) in base 16?
58c89
Convert 2120111011102 (base 3) to base 9.
2514142
Convert -1011001101100001000100 (base 2) to base 12.
-b98944
Convert 19d47 (base 14) to base 3.
10100011012
220011211202 (base 3) to base 10
475922
Convert -204344503 (base 6) to base 14.
-690dcb
Convert 121320200 (base 4) to base 7.
621041
Convert 12dab (base 16) to base 8.
226653
What is -5164856 (base 9) in base 3?
-12012011221220
Convert a059 (base 11) to base 10.
13374
1d76d (base 15) to base 9
155834
What is -161d22 (base 16) in base 10?
-1449250
4561771 (base 10) to base 3
22120202120111
What is 1813750 (base 13) in base 5?
4001133203
Convert -1a8202a (base 12) to base 11.
-3205200
-311405351 (base 6) to base 12
-1983857
What is -21312411 (base 6) in base 14?
-12631d
What is 114111102 (base 5) in base 16?
82a70
What is 3535a (base 12) in base 10?
71350
90879 (base 10) to base 2
10110001011111111
What is -14631057 (base 8) in base 7?
-40342606
What is -11011111000011011 (base 2) in base 14?
-2d895
What is -200001212221 (base 3) in base 5?
-42340134
-1711918 (base 10) to base 9
-3188271
What is -11011111001000000000011 (base 2) in base 10?
-7311363
101110100110001000 (base 2) to base 4
232212020
Convert -1782171 (base 10) to base 6.
-102110443
Convert 1002311011 (base 4) to base 2.
1000010110101000101
What is -313212321 (base 4) in base 11?
-146143
-1073097 (base 10) to base 8
-4057711
-92031 (base 13) to base 10
-261483
Convert 233004 (base 12) to base 8.
2117504
-20102022121020 (base 3) to base 12
-1186259
Convert -12311332211 (base 4) to base 5.
-424401312
Convert -5a09b7 (base 12) to base 13.
-3bb44a
What is -617217 (base 10) in base 16?
-96b01
What is -4463133 (base 7) in base 15?
-ade3c
Convert 996cc (base 13) to base 10.
278004
Convert -2503194 (base 10) to base 16.
-26321a
What is 107aa23 (base 11) in base 9?
3487586
7b91c (base 13) to base 16
37168
-102122002200 (base 3) to base 12
-b0616
-9707d (base 15) to base 10
-479368
19a57b6 (base 12) to base 15
727963
What is 449407 (base 10) in base 16?
6db7f
What is c00832 (base 13) in base 5?
2120110114
4647d (base 14) to base 15
35a18
-37112 (base 14) to base 13
-493b1
12306540 (base 7) to base 2
100001111011000101001
Convert -10011110000100100101 (base 2) to base 8.
-2360445
4277412 (base 8) to base 5
243143014
What is -10011332 (base 4) in base 6?
-205342
What is 45a5d (base 15) in base 6?
4430241
What is -1ba48d (base 16) in base 4?
-12322102031
Convert 5029632 (base 11) to base 9.
17664236
What is -130b48 (base 14) in base 11?
-408370
What is -23271c4 (base 13) in base 10?
-10840327
1210001122 (base 3) to base 5
2110121
bb5ad (base 15) to base 12
2485b4
-19139 (base 16) to base 5
-11241323
Convert -215846 (base 11) to base 12.
-147394
What is -201120010 (base 4) in base 13?
-4a2c0
Convert -20340421 (base 5) to base 15.
-34cab
-ec94 (base 15) to base 6
-1023521
Convert -11001010110011101010000 (base 2) to base 3.
-110111122000202
What is 2172844 (base 11) in base 5?
1433412323
Convert -1002011103 (base 4) to base 11.
-1753a9
What is 213124331 (base 5) in base 6?
31310332
cc608d (base 14) to base 7
112626236
Convert -1373cb (base 15) to base 10.
-935741
What is 75155 (base 12) in base 14?
401a1
What is 464826 (base 10) in base 4?
1301132322
Convert -9a89e (base 16) to base 3.
-1012011022002
2100112201201 (base 3) to base 16
1315cf
Convert -10110100110010011100101 (base 2) to base 9.
-12128258
Convert 158331 (base 13) to base 6.
15223553
22634770 (base 9) to base 11
6238257
Convert 19070 (base 12) to base 3.
1211220010
Convert -1320234 (base 5) to base 13.
-bc97
-31155 (base 11) to base 15
-d6e0
What is -186686 (base 10) in base 16?
-2d93e
What is 1626410 (base 10) in base 12?
665262
223240134 (base 5) to base 2
11110010011110010001
Convert -102120102210 (base 3) to base 9.
-376383
Convert -47c3c (base 16) to base 6.
-10144512
-21120022021 (base 3) to base 8
-442713
What is -3a139b (base 13) in base 10?
-1402321
-322450054 (base 6) to base 11
-3263853
What is 25311 (base 14) in base 12?
44903
What is 32344014 (base 5) in base 7?
2235344
-12686a7 (base 12) to base 8
-15643737
Convert 1a784b4 (base 14) to base 12.
4506792
Convert 331b (base 16) to base 5.
404313
201013123 (base 4) to base 12
665b7
What is 17515044 (base 8) in base 11?
2352460
5a034 (base 16) to base 11
232005
Convert -89cd83 (base 14) to base 11.
-270a116
What is 2513832 (base 9) in base 12?
55b4a8
Convert -2020313134 (base 5) to base 9.
-7586885
What is 24ccb (base 14) in base 6?
1534123
3479972 (base 10) to base 14
6682d6
Convert -74bb15 (base 14) to base 13.
-a84360
What is -60181 (base 10) in base 13?
-21514
What is 439a96 (base 12) in base 10?
1074642
-11001013020 (base 4) to base 6
-44105120
404112010 (base 5) to base 6
54525405
What is -312524432 (base 6) in base 8?
-24635404
What is 1222110110211 (base 3) in base 14?
1d56bb
What is -4693a (base 11) in base 13?
-24a64
Convert -12e23f (base 16) to base 7.
-13343032
What is 11b47a4 (base 12) in base 8?
15173154
-546151 (base 10) to base 5
-114434101
What is f6d9 (base 16) in base 13?
229c0
-33225065 (base 8) to base 13
-1636494
Convert 756c0 (base 14) to base 2.
1000101010101001000
Convert 2010220113 (base 5) to base 14.
75cac4
What is -768b9 (base 13) in base 8?
-643125
What is 11001111010010000101 (base 2) in base 11?
52a985
Convert -232020320 (base 4) to base 3.
-100121020102
What is -1361270 (base 8) in base 16?
-5e2b8
Convert -130b3 (base 12) to base 15.
-7ac0
-2231226 (base 9) to base 6
-41430510
Convert 513551 (base 12) to base 7.
13542064
-63213 (base 15) to base 8
-1145747
32330233213 (base 4) to base 11
22372a7
22f1c (base 16) to base 9
237305
1727735 (base 8) to base 2
1111010111111011101
What is 5124045 (base 6) in base 13?
873cb
What is 316523 (base 10) in base 2?
1001101010001101011
-2493340 (base 11) to base 9
-8118643
Convert -9b73b (base 12) to base 10.
-206687
Convert -738786a (base 11) to base 10.
-13011569
What is -4762261 (base 8) in base 6?
-43535441
Convert -151045 (base 9) to base 3.
-11201001112
What is 347a27 (base 12) in base 15?
119ba7
What is 210c2 (base 13) in base 3?
10000120212
Convert -1a78279 (base 11) to base 6.
-202531010
-cf93 (base 16) to base 11
-36a19
What is -1056344 (base 7) in base 8?
-401463
308142a (base 13) to base 3
1000200102211101
62b2e (base 15) to base 3
120220101022
What is 10110110001011001 (base 2) in base 12?
45b89
-1020112221200020 (base 3) to base 15
-187378c
Convert 1001001010110000001 (base 2) to base 14.
7b6a5
What is 6246616 (base 7) in base 2?
10110111011101110101
-20112011122 (base 3) to base 7
-1043300
What is 455511 (base 6) in base 10?
38851
Convert -36817 (base 13) to ba